{"id":205,"date":"2019-05-13T10:01:08","date_gmt":"2019-05-13T08:01:08","guid":{"rendered":"http:\/\/sds.malawies.pl\/?page_id=205"},"modified":"2019-05-18T21:59:29","modified_gmt":"2019-05-18T19:59:29","slug":"pracownia-artystyczna-i-ogrodnicza","status":"publish","type":"page","link":"http:\/\/sds.malawies.pl\/index.php\/terapia-zajeciowa\/pracownia-artystyczna-i-ogrodnicza\/","title":{"rendered":"Pracownia artystyczna i ogrodnicza"},"content":{"rendered":"\r\n<p style=\"text-align: justify;\">Celem prac podejmowanych przez uczestnik\u00f3w zaj\u0119\u0107 w ramach tej pracowni jest pobudzanie wyobra\u017ani tw\u00f3rczej, wyszukiwanie i rozwijanie indywidualnych talent\u00f3w i uzdolnie\u0144, promowanie tw\u00f3rczo\u015bci artystycznej podopiecznych \u015aDS w tej dziedzinie, a tak\u017ce usprawnianie zdolno\u015bci manualnych poszczeg\u00f3lnych uczestnik\u00f3w. Uczestnicy ucz\u0105 si\u0119 tak\u017ce dba\u0107 o ogr\u00f3dek znajduj\u0105cy si\u0119 na terenie Domu, oraz o teren przylegaj\u0105cy bezpo\u015brednio do o\u015brodka. Wykonuj\u0105 tam prace sezonowe &#8211; wiosn\u0105 siej\u0105 i sadz\u0105 ro\u015bliny, latem piel\u0105 je i podlewaj\u0105, a jesieni\u0105 grabi\u0105 li\u015bcie i przygotowuj\u0105 ogr\u00f3dki do zimy. Dzi\u0119ki temu uczestnicy nie tylko ucz\u0105 si\u0119 zasad uprawy i cykl\u00f3w \u017cyciowych ro\u015blin ale tak\u017ce nabywaj\u0105 praktycznych umiej\u0119tno\u015bci pos\u0142ugiwania si\u0119 narz\u0119dziami ogrodniczymi takimi jak: kosiarka, grabie, szpadel czy sekator.<\/p>\r\n","protected":false},"excerpt":{"rendered":"<p>Celem prac podejmowanych przez uczestnik\u00f3w zaj\u0119\u0107 w ramach tej pracowni jest pobudzanie wyobra\u017ani tw\u00f3rczej, wyszukiwanie i rozwijanie indywidualnych talent\u00f3w i uzdolnie\u0144, promowanie tw\u00f3rczo\u015bci artystycznej podopiecznych &#8230;<\/p>\n","protected":false},"author":1,"featured_media":285,"parent":173,"menu_order":0,"comment_status":"closed","ping_status":"closed","template":"","meta":{"footnotes":""},"_links":{"self":[{"href":"http:\/\/sds.malawies.pl\/index.php\/wp-json\/wp\/v2\/pages\/205"}],"collection":[{"href":"http:\/\/sds.malawies.pl\/index.php\/wp-json\/wp\/v2\/pages"}],"about":[{"href":"http:\/\/sds.malawies.pl\/index.php\/wp-json\/wp\/v2\/types\/page"}],"author":[{"embeddable":true,"href":"http:\/\/sds.malawies.pl\/index.php\/wp-json\/wp\/v2\/users\/1"}],"replies":[{"embeddable":true,"href":"http:\/\/sds.malawies.pl\/index.php\/wp-json\/wp\/v2\/comments?post=205"}],"version-history":[{"count":0,"href":"http:\/\/sds.malawies.pl\/index.php\/wp-json\/wp\/v2\/pages\/205\/revisions"}],"up":[{"embeddable":true,"href":"http:\/\/sds.malawies.pl\/index.php\/wp-json\/wp\/v2\/pages\/173"}],"wp:featuredmedia":[{"embeddable":true,"href":"http:\/\/sds.malawies.pl\/index.php\/wp-json\/wp\/v2\/media\/285"}],"wp:attachment":[{"href":"http:\/\/sds.malawies.pl\/index.php\/wp-json\/wp\/v2\/media?parent=205"}],"curies":[{"name":"wp","href":"https:\/\/api.w.org\/{rel}","templated":true}]}}